s digit of 105?
5
What is the tens digit of 4082?
8
What is the thousands digit of 7098?
7
What is the thousands digit of 9536?
9
What is the tens digit of 9484?
8
What is the units digit of 3077?
7
What is the tens digit of 2049?
4
What is the ten thousands digit of 19835?
1
What is the units digit of 918?
8
What is the hundreds digit of 61601?
6
What is the units digit of 786?
6
What is the ten thousands digit of 90419?
9
What is the units digit of 2789?
9
What is the tens digit of 11261?
6
What is the hundreds digit of 8874?
8
What is the hundreds digit of 955?
9
What is the tens digit of 104993?
9
What is the units digit of 19223?
3
What is the units digit of 6023?
3
What is the tens digit of 5829?
2
What is the units digit of 2245?
5
What is the hundreds digit of 909?
9
What is the units digit of 907?
7
What is the tens digit of 495?
9
What is the hundreds digit of 3782?
7
What is the ten thousands digit of 26116?
2
What is the hundreds digit of 7496?
4
What is the tens digit of 7345?
4
What is the hundreds digit of 18383?
3
What is the thousands digit of 9504?
9
What is the thousands digit of 2597?
2
What is the tens digit of 2475?
7
What is the units digit of 2093?
3
What is the ten thousands digit of 31491?
3
What is the tens digit of 2787?
8
What is the hundreds digit of 65908?
9
What is the tens digit of 33044?
4
What is the thousands digit of 35966?
5
What is the ten thousands digit of 65796?
6
What is the hundreds digit of 728?
7
What is the tens digit of 342?
4
What is the units digit of 3629?
9
What is the tens digit of 2017?
1
What is the tens digit of 9438?
3
What is the tens digit of 308?
0
What is the units digit of 25757?
7
What is the tens digit of 1381?
8
What is the thousands digit of 6523?
6
What is the hundreds digit of 2178?
1
What is the ten thousands digit of 12108?
1
What is the thousands digit of 43442?
3
What is the hundreds digit of 1038?
0
What is the thousands digit of 17758?
7
What is the hundreds digit of 11472?
4
What is the units digit of 19440?
0
What is the hundreds digit of 88215?
2
What is the ten thousands digit of 17120?
1
What is the thousands digit of 1500?
1
What is the units digit of 5067?
7
What is the hundreds digit of 35341?
3
What is the units digit of 10994?
4
What is the hundreds digit of 189?
1
What is the units digit of 2321?
1
What is the hundreds digit of 96607?
6
What is the hundreds digit of 1706?
7
What is the units digit of 2090?
0
What is the thousands digit of 3270?
3
What is the units digit of 1087?
7
What is the units digit of 273?
3
What is the hundreds digit of 2468?
4
What is the tens digit of 4534?
3
What is the hundreds digit of 2658?
6
What is the units digit of 2547?
7
What is the hundreds digit of 281?
2
What is the tens digit of 28735?
3
What is the thousands digit of 97095?
7
What is the hundreds digit of 1116?
1
What is the thousands digit of 4397?
4
What is the tens digit of 2047?
4
What is the units digit of 2995?
5
What is the units digit of 3192?
2
What is the ten thousands digit of 14967?
1
What is the thousands digit of 34379?
4
What is the ten thousands digit of 31097?
3
What is the hundred thousands digit of 106372?
1
What is the tens digit of 17376?
7
What is the tens digit of 1985?
8
What is the tens digit of 920?
2
What is the tens digit of 168?
6
What is the tens digit of 6884?
8
What is the tens digit of 5644?
4
What is the hundreds digit of 36844?
8
What is the hundreds digit of 11219?
2
What is the units digit of 6335?
5
What is the hundreds digit of 1089?
0
What is the units digit of 22555?
5
What is the hundreds digit of 7629?
6
What is the hundreds digit of 698?
6
What is the hundreds digit of 467?
4
What is the units digit of 3646?
6
What is the hundreds digit of 4613?
6
What is the tens digit of 9362?
6
What is the hundreds digit of 33200?
2
What is the units digit of 1518?
8
What is the hundreds digit of 126647?
6
What is the ten thousands digit of 22935?
2
What is the units digit of 35599?
9
What is the tens digit of 3980?
8
What is the hundreds digit of 2133?
1
What is the tens digit of 566?
6
What is the hundreds digit of 10393?
3
What is the tens digit of 274?
7
What is the tens digit of 33?
3
What is the thousands digit of 79381?
9
What is the units digit of 477?
7
What is the tens digit of 574?
7
What is the thousands digit of 1276?
1
What is the hundreds digit of 5604?
6
What is the hundreds digit of 18123?
1
What is the hundreds digit of 2418?
4
What is the thousands digit of 44031?
4
What is the hundreds digit of 4023?
0
What is the tens digit of 954?
5
What is the thousands digit of 1018?
1
What is the tens digit of 648?
4
What is the thousands digit of 42836?
2
What is the tens digit of 565?
6
What is the thousands digit of 2719?
2
What is the thousands digit of 44071?
4
What is the ten thousands digit of 18762?
1
What is the hundreds digit of 3617?
6
What is the tens digit of 23775?
7
What is the tens digit of 60261?
6
What is the units digit of 4363?
3
What is the tens digit of 175?
7
What is the thousands digit of 13525?
3
What is the units digit of 7459?
9
What is the units digit of 3173?
3
What is the ten thousands digit of 21029?
2
What is the hundreds digit of 9103?
1
What is the hundreds digit of 8175?
1
What is the hundreds digit of 450?
4
What is the tens digit of 11729?
2
What is the tens digit of 1103?
0
What is the thousands digit of 84682?
4
What is the units digit of 37786?
6
What is the thousands digit of 1790?
1
What is the units digit of 2554?
4
What is the tens digit of 54327?
2
What is the thousands digit of 2248?
2
What is the hundreds digit of 367?
3
What is the hundreds digit of 828?
8
What is the units digit of 2765?
5
What is the hundreds digit of 491?
4
What is the units digit of 118?
8
What is the units digit of 1243?
3
What is the hundreds digit of 39835?
8
What is the units digit of 1060?
0
What is the units digit of 6516?
6
What is the tens digit of 67565?
6
What is the units digit of 867?
7
What is the units digit of 670?
0
What is the thousands digit of 38943?
8
What is the tens digit of 255?
5
What is the hundreds digit of 45738?
7
What is the thousands digit of 4221?
4
What is the tens digit of 133?
3
What is the hundreds digit of 952?
9
What is the units digit of 54731?
1
What is the ten thousands digit of 37054?
3
What is the hundreds digit of 4039?
0
What is the units digit of 1727?
7
What is the hundreds digit of 6806?
8
What is the tens digit of 886?
8
What is the units digit of 7836?
6
What is the tens digit of 8452?
5
What is the tens digit of 23368?
6
What is the thousands digit of 1741?
1
What is the ten thousands digit of 14757?
1
What is the thousands digit of 2234?
2
What is the tens digit of 8674?
7
What is the hundreds digit of 552?
5
What is the units digit of 262?
2
What is the thousands digit of 30406?
0
What is the units digit of 5737?
7
What is the units digit of 12369?
9
What is the thousands digit of 3200?
3
What is the hundreds digit of 4117?
1
What is the tens digit of 9325?
2
What is the units digit of 6626?
6
What is the units digit of 511?
1
What is the hundreds digit of 24572?
5
What is the tens digit of 134?
3
What is the thousands digit of 10757?
0
What is the hundred thousands digit of 172237?
1
What is the thousands digit of 9767?
9
What is the hundreds digit of 10291?
2
What is the hundreds digit of 278?
2
What is the thousands digit of 1074?
1
What is the tens digit of 37?
3
What is the hundreds digit of 6334?
3
What is the tens digit of 125844?
4
What is the units digit of 618?
8
What is the hundreds digit of 130157?
1
What is the tens digit of 510?
1
What is the units digit of 27020?
0
What is the thousands digit of 2190?
2
What is the tens digit of 9445?
4
What is the tens digit of 20579?
7
What is the thousands digit of 81747?
1
What is the hundreds digit of 1766?
7
What is the tens digit of 3838?
3
What is the tens digit of 67962?
6
What is the hundreds digit of 702?
7
What is the thousands digit of 2556?
2
What is the thousands digit of 23936?
3
What is the hundreds digit of 10172?
1
What is the units digit of 649?
9
What is the thousands digit of 10992?
0
What is the units digit of 31669?
9
What is the tens digit of 7626?
2
What is the tens digit of 2110?
1
Wh